5 + 0 + k**2 + 1/3*k**4. Give w(-3).
2
Suppose -11 = -0*p + p. Let o = p - -5. Let b(q) be the first derivative of -q**2 - 7*q - 14. Give b(o).
5
Let i(m) = -4*m**2 - 4*m - 1. Let s(h) = -3*h**2 - 4*h. Let z(c) = -4*i(c) + 5*s(c). Determine z(4).
4
Let l(w) = -9*w**2 + 2*w**3 - w**3 + 19*w**2 - 8*w**2 - 2. Calculate l(-2).
-2
Let f(g) = -g**2 + 4*g - 4. Let t be f(2). Suppose 2*q + 4 = -t. Let i(z) = z**2 + 2*z. Calculate i(q).
0
Let f be (0 - 4) + 4 + 0. Let i(v) be the second derivative of f*v**2 + 1/3*v**3 + 0 - v. Calculate i(-4).
-8
Let t be 2 + (0 - 3 - 0). Let p(r) = -r**3 + r**2. Let q(v) = -v**3 - 6*v**2 - v. Let g(w) = -4*p(w) - q(w). What is g(t)?
-4
Suppose 0 = 4*p - 3*o - 25 - 8, -5*p - 4*o + 18 = 0. Let a(d) = d**3 - 5*d**2 - 7*d + 7. What is a(p)?
1
Let s be (-8)/(-2)*(-3)/(-12). Let d(n) = -61*n**3 + 13*n**2 - 9*n + 5. Let l(t) = 15*t**3 - 3*t**2 + 2*t - 1. Let b(y) = -2*d(y) - 9*l(y). Calculate b(s).
-13
Let p(o) = o + 8. Let x(i) = -2*i - 9. Let n(s) = 6*p(s) + 5*x(s). Let f be 2*1*6/4. Suppose 1 = -4*a + 13, -4*d + 17 = f*a. Calculate n(d).
-5
Let g = 13 + -18. Let p(w) be the second derivative of -w**5/20 - w**4/2 - 4*w**3/3 - 5*w**2/2 - w. Calculate p(g).
10
Let z(y) be the third derivative of -1/12*y**4 - 6*y**2 + 0 + 0*y + 2/3*y**3. Let s(x) = -x**2 + 7*x - 9. Let i be s(6). Give z(i).
10
Let t(p) = -5*p + 1. Let s(r) = -6*r + 2. Let n(v) = 6*s(v) - 7*t(v). Let g = -9 + 3. Let f(m) = -m**2 - 8*m - 8. Let o be f(g). What is n(o)?
1
Let d(x) be the second derivative of 0 - 3/2*x**2 + 1/6*x**3 + 2*x. Determine d(4).
1
Let n(c) = c**2 + 2*c - 4. Let i be (3/(-6))/((-2)/4). Let l be (i + 2)*1/(-1). Calculate n(l).
-1
Let q(p) be the first derivative of -5*p**2/2 - p + 19. Let r be 2/6 + 1/(-3). Suppose -4*n = 5*o + 1, 0*o + o + 4*n - 3 = r. Calculate q(o).
4
Let n(q) be the third derivative of -q**5/60 - 7*q**4/24 - 5*q**3/6 - 2*q**2. Determine n(-7).
-5
Let i(v) = -2*v**3 - 8*v**2 + 7*v + 5. Let u(l) = -l**3 - 8*l**2 + 7*l + 6. Let o(f) = -2*i(f) + 3*u(f). Give o(6).
-22
Let h(m) = -m**3 - 2*m**2 + 2. Let a be h(-2). Suppose -y = a*y - 6. Suppose -3*u + 1 = 2*v, -u - y + 9 = 4*v. Let k(q) = -6*q**2 - q. Calculate k(u).
-5
Let x = 16 + -4. Let i(h) = -8*h - 4 + 4 + x*h. Determine i(-1).
-4
Let y(b) = -b**3 + 17*b**2 - 15*b - 13. Suppose 60 = 4*u + k, 0 = -2*u + 2*k + k + 44. Let m be y(u). Let c(r) = -3*r + 3. What is c(m)?
-6
Let j(u) be the second derivative of -u**3/6 - 3*u**2/2 + 2*u. Calculate j(-5).
2
Let c(r) = -7*r**2 - 3*r + 4. Let h(x) = -11*x**2 + 9*x**2 - 2*x + 4 - 4*x**2. Let d(b) = 5*c(b) - 6*h(b). Calculate d(3).
-4
Let h(r) = 2*r**2 - 1. Suppose 3*a - 1 = 17. Suppose 0 = a*u - u + 10. What is h(u)?
7
Let s be (-10)/(-6)*1*-3. Let p(j) = -3*j - 5. Let o(i) be the second derivative of i**3/2 + 2*i**2 - i. Let k(t) = s*o(t) - 4*p(t). Give k(-2).
6
Let w(o) = 2*o**3 - 3*o**2 + 3*o - 3. Let j = -10 - -12. Suppose 0*i + j = i. Calculate w(i).
7
Let m(s) be the third derivative of -s**6/120 + s**4/24 - s**3 + 4*s**2. Give m(0).
-6
Let u(k) = k**2 + 2*k - 4. Suppose -15*l = -17*l - 6. Give u(l).
-1
Suppose -5*q - 3*x - 2 + 3 = 0, -x = -q - 3. Let v(s) = -4*s**2 + 2*s + 1. Let b be v(q). Let k(y) = y - y**3 + 3 + 1 + 2*y**2 - 7*y**2. What is k(b)?
-1
Let w(b) = b**2 + 7*b + 3. Let d be w(-6). Let q be -1*(-1 + 2 + -2). Let g(o) = -6 + 1 - o + q. What is g(d)?
-1
Suppose 4*j + 5 - 1 = 0. Let r(b) = 3*b**2 + 1. Let c be r(j). Suppose -c*w + 1 = 9. Let s(i) = -2*i - 3. Determine s(w).
1
Suppose -5 = -g - 4*g. Let i(u) = -u. Determine i(g).
-1
Suppose 3*b = b + 12. Let m(o) = 6*o + 6 - 5*o - 11. Let w be m(b). Let a(u) = 2*u. Calculate a(w).
2
Suppose 2*p = 5*p. Let c be 2*(p - (-3)/(-6)). Let y(o) = -3*o. What is y(c)?
3
Let x(s) = 5*s + 7. Let z(c) = 14*c + 20. Let q(k) = -17*x(k) + 6*z(k). Determine q(0).
1
Let s = -2 + 4. Let j(r) = r**3 + 6*r - 3. Let g(v) = v**3 + 7*v - 3. Let t(o) = -3*g(o) + 4*j(o). Give t(s).
11
Let o be (-1)/(-2) - 3/6. Let t(b) = b**2 + 0*b + o + 3 + 6*b. Let k = 3 + -7. Determine t(k).
-5
Let d(b) = 2*b + 2. Let o(k) = -k - 1. Let n(i) = -6*d(i) - 13*o(i). Suppose -3*r = r. Determine n(r).
1
Let t(k) = 4*k**2 + 1 + 0*k**2 + 3*k + 2 + 0*k**2 + k**3. Let s be t(-2). Let u(i) = i**3 - 6*i**2 + 4*i + 3. Determine u(s).
-2
Let w(h) = -h**2 - 5*h. Let l be w(-3). Let x(m) = -3 + 8 - l*m + 5*m**2 - 4*m**2. Let y be (3/6)/((-5)/(-50)). Give x(y).
0
Let t be (-1 - 0) + (-4 - -6). Let h(y) be the first derivative of -t + 1/2*y**2 + 0*y. Determine h(-1).
-1
Let x be (-4)/8*5*-2. Suppose 5*o = 2*o + 9. Let w(m) = -m**2 - o*m + 4 - 3*m + 8*m. Give w(x).
-11
Let t(z) = z**2 - 2. Let i(a) be the third derivative of -a**6/120 + a**5/60 + a**3/6 - 4*a**2. Let c = 2 + 0. Let y be i(c). Calculate t(y).
7
Let z(s) = s**3 - 3*s**2 - 3*s + 4. Let k = -2 - -4. Suppose -3*v + k*m = -17, v - 9 - 10 = 4*m. Give z(v).
-5
Let h(c) = 3 + c**2 + 2 + 7*c - 2*c + 3*c. What is h(-6)?
-7
Let l(w) = -1. Let n(f) = -3*f - 9. Let z(d) = -12*l(d) + n(d). Suppose q + s = 1, -q + 2*s - 1 - 4 = 0. Let k be 4 - (-3 - -1)/q. Calculate z(k).
-3
Suppose z = 4*z + 5*o + 32, 4*z + 32 = -4*o. Let c(b) = b**3 + 3*b**2 - 5*b + 2. What is c(z)?
6
Let b(g) = -6*g**2 + g - 1 - g**3 + 0*g**3 + 9*g**2. Let p be b(3). Let h(v) = 2*v - 2*v**2 - 4*v - 1 + v**3 - p*v**2 + 5*v**2. What is h(-2)?
-1
Let m(v) = -3*v + 1. Let y be (-168)/98*((-6)/4 + -2). Determine m(y).
-17
Let s(g) = 17*g + g - g**3 - 17*g + 0*g**3. Let x be (-1 + 2 - -1)/1. What is s(x)?
-6
Let i(t) = 0*t**2 + 4 + 0*t**2 - 3 - t**2. Let h(j) = -j**2 + j - 4. Let r(c) = h(c) - 2*i(c). Suppose 0 = -2*u + 4*u. Give r(u).
-6
Let f(w) = -w**2 + w + 3. Suppose -3*u + 10 = 3*h - 14, -2*u + 3*h = 4. Suppose -u*r + 10 = -10. Let o = -8 + r. What is f(o)?
-9
Let t = 9 - 4. Let c(b) = -b**3 + 4*b**2 + 6*b + 3. Let f(n) = 1. Suppose 0 = -4*w + 3*w - 1. Let i(h) = w*c(h) + 3*f(h). What is i(t)?
-5
Let r(v) = -3*v - 3. Let o(w) = -w**3 - 4*w**2 + 3*w + 10. Let j be o(-4). Determine r(j).
3
Let p = -4 - -4. Let g be 1/(2/(-4)) - p. Let k(w) = -2*w - w - 3 + 2 - 1. Determine k(g).
4
Let m(d) = d + 11. Let s be m(-6). Let u be (-2 + 6 + 1)*1. Let z(c) = -5*c + 2*c**2 + u + 0*c**2 - c**2. Give z(s).
5
Let k(p) = p - 1. Let m be k(-2). Let z(w) be the first derivative of -w - 2 + 4/3*w**3 + 3/2*w**2 + 1/4*w**4. Determine z(m).
-1
Let w(f) be the first derivative of -2*f**3/3 - 5*f**2/2 - 3*f - 20. Determine w(-4).
-15
Suppose -19 = 3*t - 4. Let j(v) be the third derivative of -v**4/24 - 5*v**3/3 + v**2. Calculate j(t).
-5
Let n = -5 + 0. Let d(q) be the first derivative of -q**3/3 - 3*q**2 - 5*q + 1. Calculate d(n).
0
Let p(v) = -v**2 - 9*v - 5. Let m be p(-4). Let d = -16 + m. Let i(o) be the second derivative of -2*o**3/3 - o. Calculate i(d).
4
Let r(f) = f**2 - 4*f - 2. Suppose 0*k + 3*k = 15. What is r(k)?
3
Let z(d) be the second derivative of 5*d**3/6 - 3*d**2/2 - d. Determine z(2).
7
Suppose 2 + 7 = 3*m. Let w(q) = -q - q**m - 5 + 11 + 4*q**2 - 7. What is w(2)?
5
Let g(p) be the first derivative of 4*p**2 + 7*p + 1/3*p**3 + 4. Calculate g(-6).
-5
Let r be -2 - (1*-16)/4. Let t(u) = -u**2 + 2*u**2 + 6*u + r + 1 - 2*u. Suppose 4 + 4 = -4*y. Give t(y).
-1
Let n(r) = -10*r**2 - 2*r - 1. Let x = 6 - 15. Let j be (-6)/x*(-3)/2. What is n(j)?
-9
Let y(d) be the second derivative of 1/12*d**4 + d - 2*d**2 - 5/6*d**3 + 0. Give y(5).
-4
Let f = -22 + 37. Suppose -z = z - 8. Suppose -z*r - f = -r. Let h(i) = -i**3 - 4*i**2 + 5*i. Give h(r).
0
Let m(a) be the third derivative of a**8/6720 - a**7/1260 + a**6/240 - a**4/8 + 3*a**2. Let k(i) be the second derivative of m(i). Give k(2).
6
Let f(w) = w**2 - w + 3. Let p(y) = 26*y - 1. Let h be p(1). Suppose a = -5*s - h, 4*a + 3*s = -10 - 5. Determine f(a).
3
Suppose 25*d = 24*d + 2. Let k(t) be the first derivative of 5/3*t**3 + 3 - 5*t + 1/2*t**d - 1/4*t**4. Determine k(5).
0
Let g = 27 + -25. Let w(i) = i - 8 + i**2 + 2*i + 7. Calculate w(g).
9
Let l(p) = p + 9. Let j(m) be the second derivative of m**3/3 + 17*m**2/2 + 5*m. Let u(o) = -3*j(o) + 5*l(o). Determine u(-3).
-3
Let m(p) be the first derivative of -2*p**3/3 - 3*p**2/2 + p - 5. Determine m(-3).
-8
Let x(y) = y**3 + 3*y**2 - 6*y - 5. Let i(d) = 10*d**2 - 14 + d + d**3 - 3*d + d. Let u be i(-10). Det